/6 + 5*q**2/2 + 5*q + 8. Let x(c) = -c**3 - 5*c**2 - 5. Let g be x(-5). What is h(g)?
5
Let o(b) = -b**2 + 5*b + 5. Let x(t) = -14*t - 7. Let a be x(-1). Determine o(a).
-9
Let j be 0/(1/(2/2)). Suppose 6 = -0*c + 3*c. Let i(l) = -c*l + 1 + l + 2*l**3 - 2 - l**3. Calculate i(j).
-1
Let i(q) = q**3 - 5*q**2 - 7*q + 8. Let f be i(6). Suppose 0 = 4*x - x + 6, -2*x = 3*b - f. Let u(a) = 4 + 5*a**2 - a**2 - 3*a**b - 7*a. What is u(5)?
-6
Let v(n) = 0 + n + 0 + 5 - 1. Let a = 17 + -17. What is v(a)?
4
Let f(p) be the first derivative of 3*p**3 + 7. Determine f(1).
9
Let m = 2 - 1. Let t(u) = -17*u + 9. Let i(n) = 9*n - 5. Let a(h) = 7*i(h) + 4*t(h). Determine a(m).
-4
Let f(g) = -5*g. Suppose i = 7*i + 6. Determine f(i).
5
Let d(o) = -5*o + 3*o - 1 + 5*o - 4*o. Suppose -4*l = -3*l - 12. Suppose 2*b - 19 = -3*c, 5*c + 3*b = 18 + l. Calculate d(c).
-4
Suppose 30 = -4*t - 5*w, 2*t + t + 7 = 4*w. Let v(a) = -2*a**2 + 3*a - 3. Let r(p) = 3*p**2 - 7*p + 6. Let g(i) = t*v(i) - 3*r(i). Calculate g(-3).
-12
Let h(p) = p**2 + 7*p + 4. Let z = 15 - 19. What is h(z)?
-8
Let r(j) be the first derivative of -j**3/3 - 3*j**2 - 6*j + 52. Determine r(-5).
-1
Let g(c) = 3*c - 2. Let s(k) = -k. Let m(a) = -3*g(a) - 6*s(a). Let q = -3 + 9. Let t be (-1 + 5/3)*q. Give m(t).
-6
Let u be 6/15 - (-46)/10. Suppose m = u*m - 12. Suppose 2*j - m*j + 2 = 0. Let a(n) = 2*n**3 - 2*n**2 - n - 2. What is a(j)?
4
Let h = 2 - -3. Let l(f) = 2*f - 2*f - 3*f - h. Suppose 7*i + 8 = 5*i. Calculate l(i).
7
Let n(k) = -9*k**3 + k**2 + 2. Let p(g) = 17*g**3 - 2*g**2 - 3. Let i(a) = -5*n(a) - 3*p(a). Give i(1).
-6
Let n(y) = -y**3 + 5*y**2 - 3*y + 5. Let x = 71 + -67. What is n(x)?
9
Let t(h) be the third derivative of h**5/120 - h**4/12 + h**3/6 - h**2. Let m(l) be the first derivative of t(l). Let x = -11 - -16. What is m(x)?
3
Let v(o) = -2*o - 1. Suppose -5*m = -2*j - j - 27, m - 3*j = 15. Calculate v(m).
-7
Let f(r) be the first derivative of -r**3/3 + 3. Let w(x) = -x**2 + 8*x + 6. Let h(i) = -2*f(i) + w(i). Give h(-7).
-1
Let w(y) = -y**3 - 2*y**2 + 1. Let o be (1/(-2))/(2/(-44)). Let q = 10 - o. Determine w(q).
0
Suppose 4*k - 10 = -2*x, -4*k + 0*k + 7 = -x. Let q(a) = a**3 - 3*a**2. Give q(k).
-4
Let n(y) = -11*y**3 - y**2 - y. Let t = -18 + 17. What is n(t)?
11
Suppose -2*a + 4 = -0. Let v(p) = p**a - 11*p + 2*p + 0*p + 4 + 5. Give v(7).
-5
Let c(h) be the second derivative of -h**6/120 + h**5/60 - 7*h**3/6 - 3*h**2 + 5*h. Let g(z) be the first derivative of c(z). Determine g(0).
-7
Let u(t) = -2*t + 10. Let w be u(-9). Suppose -2*k - 5*n - 1 = w, -5*n - 27 = k. Let b(a) = -a**3 - 2*a**2 + a + 2. Calculate b(k).
0
Let x(z) be the second derivative of 1/12*z**4 + 0 + z + 1/3*z**3 - 5/2*z**2. Let l be 0/7 + 0 + -4. Calculate x(l).
3
Let f(u) = -u. Let l(y) = 2*y + 1. Let o(z) = -9*f(z) - 4*l(z). Let g(v) = -v**2 + 24*v - 19. Let n be g(23). Determine o(n).
0
Let u(a) = 2*a**3 - 6*a**2 - 5*a. Let c be -1 - (-4 - -1) - -1. Let y(i) = -3*i**3 + 6*i**2 + 5*i + 1. Let m(k) = c*y(k) + 4*u(k). Give m(-5).
3
Let g(h) = h + 10. Let c be g(-8). Let u(v) = -c*v**2 + v**2 + 5 - 4*v + 2*v**2. Give u(4).
5
Let x(v) = 2*v - 3. Let n be x(2). Let s(a) be the third derivative of 0 - 1/4*a**4 - 8*a**2 + 0*a - 1/6*a**3. Give s(n).
-7
Let r be (2/2)/((24/(-42))/4). Let z(c) = c + 1. Determine z(r).
-6
Let i(b) = b**3 - b**2 - b + 1. Let f(n) = 2*n**3 - 4*n**2 - 2*n + 3. Let u(h) = -f(h) + 3*i(h). Let t be u(0). Let k(p) = -p**3 + 2. What is k(t)?
2
Let q(c) = 6*c**2 + c. Suppose -s - 1 + 2 = 0. What is q(s)?
7
Let j(s) = s**3 - 4*s**2 + 6*s + 2. Let c(a) be the second derivative of -a**5/20 + a**4/3 - 5*a**3/6 - a**2 - 4*a. Let n(u) = 6*c(u) + 5*j(u). Give n(4).
-2
Let l(p) = 0*p**3 + 2*p**2 - 1 - 4*p**3 + 8*p**3. Let a(b) be the third derivative of -b**5/60 + b**4/12 + 2*b**3/3 + 2*b**2. Let k be a(3). Calculate l(k).
5
Suppose -5*l - 2*k + 33 = 0, 0 = -l + 6*l + 4*k - 41. Suppose -w - l = -y, -w - w - y - 16 = 0. Let v be (w/2 + 2)*-2. Let u(h) = -3*h + 3. Determine u(v).
-6
Suppose 5*k = d - 30, -d + 12 = -2*k - 0. Let o(a) = a**2 + 4*a - 6. Determine o(k).
6
Let b(w) be the first derivative of -1/3*w**3 + 2*w**2 + 10 + w. Determine b(5).
-4
Let r(v) = v**2 - 6*v - 1. Let g(x) = 2*x + 15. Let p be g(-10). Let j be (6/(-15) + 0)*p. Let l = 7 - j. Calculate r(l).
-6
Let k(v) = -1 - 2*v**3 + v**2 + 0 + 8*v**3. Suppose i + 2 = 1. Determine k(i).
-6
Let t be ((-2)/6)/(13/(-78)). Let q be (t/(-4))/(5/50). Let d(w) = w**3 + 5*w**2 - 2*w + 1. Give d(q).
11
Let w(j) = j**3 - 5*j**2 + 2*j + 5. Suppose -4*z - 1 + 65 = 0. Let t = 20 - z. Give w(t).
-3
Let f(a) = -4*a**3 + 0 + 2*a**3 - 2*a**2 + 1. Let n = 9 + -7. Suppose 0 = -4*z + 4*v - n*v, -5*z - 3*v - 11 = 0. Calculate f(z).
1
Let g = -23 + -4. Let x = 31 + g. Let a(h) = -2*h - 2. Give a(x).
-10
Let r(k) = -4*k + 22 - 20 + 5*k - 5*k - k**2. Let a(v) = -v**3 + 5*v**2 + 5*v + 1. Let g be a(6). Give r(g).
-3
Let o = 2 - -2. Let z(m) = o + 12 + m - m**2 - 17. Determine z(-2).
-7
Let i(y) = -1. Let u(o) = o + 3. Let k(x) = 6*i(x) + 2*u(x). What is k(4)?
8
Suppose 3*g - 3*r + 3 = 0, -2*g + 3*r - 2 = -1. Let b be (g + 1)/(1/(-14)). Let m = -8 + b. Let a(p) = -p - 2. Determine a(m).
-8
Let n(m) be the first derivative of 3*m**2 - 43. Suppose -5*h = -4*h - 2. Determine n(h).
12
Let h(p) = -12*p - 2*p**2 + 14*p - 9*p. Determine h(-5).
-15
Let w = -5 + 7. Let z(c) = -2*c**2 - 1 + 2 + 8*c**2 - w*c. Suppose i - 2*i + 1 = 0. Give z(i).
5
Suppose 5 = 6*b - b. Let d(p) = -8*p - 1. What is d(b)?
-9
Let l(v) = 2*v**2 + 2*v + 1. Suppose -3*z + 7*z + 14 = -5*k, 4*z = 2*k. Suppose 3*h - 10 = -2*h. Let f be 2/h + z*2. What is l(f)?
1
Suppose 0 = -5*a - 12 - 18. Let y(k) = -2*k - 7. Calculate y(a).
5
Let y(k) = k + 2. Suppose 3*i - 2*i + 3 = -t, i + 9 = 5*t. Give y(i).
-2
Let c(m) = -11*m + 8. Let n(u) = 4*u - 3. Let j(w) = 3*c(w) + 8*n(w). Let q = 155 - 157. Give j(q).
2
Let n = -19 - -4. Let p be 4/(-10) + (-21)/n. Let j(l) = -14*l**2 - 3*l + 8. Let g(w) = -9*w**2 - 2*w + 5. Let v(k) = -8*g(k) + 5*j(k). Determine v(p).
3
Let m(o) be the first derivative of -5*o**4/4 + o - 1. Let l be 1/(2/(-4)) + 3. Determine m(l).
-4
Let w(l) = 3*l**3 - l**2 + 1. Suppose 0 = 4*v - 5*v + 14. Let c = v - 13. Give w(c).
3
Suppose 4*o = 3 + 1. Let d be (-1 + 2 + 3)*o. Let x(b) = 3*b - 6. What is x(d)?
6
Suppose -n - 2*n + 6 = 0. Suppose -2*u + 4 = n*u. Let q(f) be the second derivative of 5*f**3/6 + f**2/2 + 4*f. Determine q(u).
6
Suppose 2*r = 6*r. Let w(b) = -6*b**3 - b + 2*b**3 + 3*b**3 + 4 - b**2. Give w(r).
4
Let o be (4/(-2))/2*3. Let j be 3 + (1 - 0)*-1. Let r(t) = j*t + t**2 - 3 - 1 + t. Give r(o).
-4
Let s(t) = 13*t. Let o(g) = 7*g. Let v(q) = -11*o(q) + 6*s(q). What is v(2)?
2
Let s(y) = y**2 + 6*y + 6. Let n be (-8)/10*10/(-4). Suppose 3*c + 4*g + 11 - 1 = 0, -n*c - 14 = -g. What is s(c)?
6
Let f(v) = -24*v**3 + 9*v**2 - 9. Let y(n) = 12*n**3 - 4*n**2 + 4. Let z(t) = 3*f(t) + 7*y(t). Determine z(-1).
-12
Let o(a) = a**3 - a**2 + 4. Let u(q) = -3*q - 5. Let l be u(-4). Let p(f) = -f**3 + 6*f**2 + 7*f - 4. Let z be p(l). Let r = z - -4. What is o(r)?
4
Let s(d) be the third derivative of -4*d**2 - 1/15*d**5 - 5/24*d**4 + 0*d + 0 + 1/120*d**6 + 5/6*d**3. Give s(5).
5
Let t = 3 + -6. Let j = -12 + t. Let c be 1*3*5/j. Let m(h) = 10*h**2 + 2*h + 1. Calculate m(c).
9
Suppose 0 = -2*x - 0 + 6. Let g(j) = -3*j - 3. Determine g(x).
-12
Let i be (1*5)/(13 - 14). Let l(z) = -z - 3. Determine l(i).
2
Let g(p) be the third derivative of -p**6/360 + p**5/60 - p**4/24 + p**3/6 + 6*p**2. Let b(h) be the first derivative of g(h). What is b(3)?
-4
Let t be 38/84 + 22/(-77). Let p(a) be the third derivative of -t*a**3 + 1/30*a**5 + 0*a + 0 - 2*a**2 - 1/24*a**4. Calculate p(2).
5
Suppose -9 = 3*d - 27. Let x(q) = -q + d - 2 + 0. Suppose -z = 2*a + 3 - 7, -4 = -4*a - 3*z. Calculate x(a).
0
Let x(r) = 3*r + 1. Let h be (-2*1*(3 + -4))/2. Determine x(h).
4
Let v be (9/6)/(9/(-24)). Let u be 33/6 + (-2)/v. Let b(h) = -h**2 + 8*h - 6. Give b(u).
6
Let z = -2 + 5. Let h(v) be the second derivative of -v**4/12 + v**3/6 + v**2/2 + 10*v. Calculate h(z).
-5
Let r(h) = 2*h - 45. Let c be r(23). Let u = 10 + -4. Let z(g) = 5*g - 4*g + u*g. Determine z(c).
7
Let l(f) = 3*f + 1 - 2*f - 2*f. Let m(c) = -c + 2. Let p(